factors of (-4 - (-5 - -3))*z.
2, 73
Suppose -d = -g + 5*g - 17, g - 4*d = 0. Suppose -5*v + 5*o + 10 = 0, 4 + 4 = g*o. Suppose v*n + 2*s - 22 = 0, 5*s = 26 - 1. List the prime factors of n.
3
Let m be (90 - (4 - 8)) + -3. Let n = 10 - 9. Suppose n = -3*o + m. What are the prime factors of o?
2, 3, 5
Let j(d) = 14*d**3 + d**2 - 4*d + 4. Let q be 3/2 - 2/(-4). What are the prime factors of j(q)?
2, 7
Suppose 8*q - 3*q + 160 = 5*u, q = -u + 26. Suppose g = 2, 5*g - u = -2*z - 11. What are the prime factors of z?
2
Suppose 26*b = 369 + 8341. What are the prime factors of b?
5, 67
Suppose 9*v - 13*v + 128 = 0. Let i = -1 + v. List the prime factors of i.
31
Suppose -4*q + 3*r = 2*r - 12, 2*q - 8 = r. Let a be 0*(q + (3 - 6)). Suppose -m + 91 = 4*z, a = -9*z + 4*z - m + 113. List the prime factors of z.
2, 11
Let i = 15 - 25. What are the prime factors of i/(((-24)/52)/3)?
5, 13
Let r be (-3 - 36/(-8))*2. Suppose -r*i = -2*i - 21. Suppose 4*n - 27 = -5*a, 2*a = 6*a + 3*n - i. List the prime factors of a.
3
Let k = -61 + 94. Suppose 3*h = -5*d - 19, -12 = 7*h - 3*h + 4*d. Suppose -h*o + 137 = k. List the prime factors of o.
2, 13
Let f(w) = -w**2 - 2*w - 12. Let l be f(0). Let s = -21 + l. Let p = s + 52. List the prime factors of p.
19
Suppose 89*r = 101*r - 4236. List the prime factors of r.
353
Suppose 0*q + 4*q = 52. Suppose 4*k - q = 7, -4*i + 53 = k. Suppose -i = -f + 10. What are the prime factors of f?
2, 11
Let v(p) = 3*p**2 - 3*p + 29. Let s be v(14). List the prime factors of (1 + s/(-10))*-2.
113
Suppose 2*s = -l - 8, 2*s = -0 - 6. Let i be (l/5)/(24/(-60)). List the prime factors of 9/6*36*i.
2, 3
Suppose -z + 6*z = -3*y - 172, -2*z - 5*y = 65. Suppose 2*b = -b - 30. Let k = b - z. What are the prime factors of k?
5
Let y = -158 - -28. Let v = y - -221. List the prime factors of v.
7, 13
Suppose -143 = -13*o - 0*o. Let w(h) = -h**3 + 12*h**2 + 20*h - 18. List the prime factors of w(o).
17, 19
Let t(f) = -74*f - 14. Let k be t(-3). Suppose -2*b + 0*b + 4*a + 114 = 0, 4*b - 3*a - k = 0. What are the prime factors of b?
7
Let c be ((-15 + 0)/3)/(-1). Suppose c*s = 25, 4*r - 13 = -0*r - s. List the prime factors of 37*-2*r/(-4).
37
Suppose -28 + 182 = 7*b. Let v = 8 - 29. Let l = b - v. What are the prime factors of l?
43
Let r(a) = 10*a + 10. Let v be (-2)/1*-4 + -4. List the prime factors of r(v).
2, 5
Let k = 67 + -13. Let f = k - 37. List the prime factors of f.
17
Let b = -14 - -22. Suppose 3*q + 0*q + 4*n - 6 = 0, 12 = -4*n. Suppose -q*y - 50 = -b*y. List the prime factors of y.
5
Suppose 2*g = 5*j - 9897, -j + 338 = 3*g - 1638. List the prime factors of j.
1979
Suppose -4*c = f + 2, 5*f + 4*c = -0*f + 22. Suppose 5*b = 2*u + 81, -f*b + 74 = -3*u - 8*b. What are the prime factors of u/8*(-36)/7?
2, 3
Let s = -23 - -34. Suppose 870 = s*u - 8*u. What are the prime factors of u?
2, 5, 29
Suppose 0 = -5*d + 4*o + 114, 121*d - o - 23 = 120*d. What are the prime factors of d?
2, 11
Suppose -153 = -2*x + 3*w + 1153, 2*x - 5*w = 1302. What are the prime factors of x?
2, 41
Suppose -4*n + 1 = -b - 5, 0 = -5*b - 5*n - 105. Let u be (b/4)/(17/(-34)). Let i = u + 2. List the prime factors of i.
11
Suppose f = 35 + 25. Let v = -28 - 2. Let x = f + v. List the prime factors of x.
2, 3, 5
Let x = 5144 - 7622. List the prime factors of (-1)/(-5) + x/(-35).
71
Let t(y) = y**2 + 11*y + 14. Let a be t(-10). Let f = a + 1. Suppose -5*i + 4*s + 113 + 26 = 0, 0 = -5*i - f*s + 130. What are the prime factors of i?
3
Let m = 349 - 639. List the prime factors of (-5)/30 + m/(-12).
2, 3
Suppose -24*y - 8 = -28*y. Suppose -3*u + 382 = y*n, n + n + 398 = 3*u. What are the prime factors of u?
2, 5, 13
Let z = 10 - 7. List the prime factors of 7*((-12)/z + 10).
2, 3, 7
Let n(t) = -12 + t - t**2 - 2*t - t - 2*t. Let j be n(-8). Let h = j - -83. List the prime factors of h.
3, 13
Let i(r) = 92*r**3 - 3*r**2 - 5*r + 24. What are the prime factors of i(3)?
2, 3, 137
Suppose 4*n = 5*n - 2*y - 1586, -5*n + 7903 = -y. List the prime factors of n.
2, 5, 79
Suppose 3*x = 5*a + 16, 4*x - a + 0 = 10. Suppose -5*q + 71 = -g, 26 = x*q - 3*g - 5. What are the prime factors of q?
2, 7
What are the prime factors of 6*(-4)/(-6) + (38 - -646)?
2, 43
Let h(w) = -w - 7. Let f be h(-7). What are the prime factors of 12*(-28)/(-8)*(1 - f)?
2, 3, 7
Let x = 366 + -235. List the prime factors of x.
131
Let r = -2 + 23. Suppose -5*i = -3*u + 3, 4*u + r = -4*i - 7. List the prime factors of ((-34)/u - -1)*2.
19
Suppose 0*l + 4*l - 1048 = 5*q, -l + 4*q = -262. List the prime factors of l.
2, 131
Let b(f) = 683*f**2 - 11*f - 10. What are the prime factors of b(-1)?
2, 3, 19
Let v be (-10075)/(-39) + 2/3 - -3. Suppose -v - 53 = -9*y. List the prime factors of y.
5, 7
Let y be -1 + 3 + -2 - -2. Suppose 0 = -y*l + 27 + 23. Let u = -7 + l. What are the prime factors of u?
2, 3
Suppose 6*v - 136 = 38. What are the prime factors of v?
29
Let l = -1399 + 2666. List the prime factors of l.
7, 181
Suppose -4*v - 3*p + 768 = 75, 2*v + p = 347. List the prime factors of v.
2, 3, 29
Let v be ((-6)/(-4))/((-12)/16). Let d(x) = 1 + 4*x + 0 - 4*x**3 - x. List the prime factors of d(v).
3
Let f = 164 - -7. List the prime factors of f.
3, 19
Let k(j) = -j**2 + 6*j - 7. Let x be k(3). Suppose -4*z - 21 = -4*f + 15, -x*f - 4*z + 24 = 0. What are the prime factors of f?
2, 5
Let n(u) = -u**3 - 38*u**2 + 30*u - 70. What are the prime factors of n(-39)?
281
Suppose 27*l - 23*l = 484. Let r = l - 56. List the prime factors of r.
5, 13
Let b(t) = -t**3 - 11*t**2 - 12*t - 17. Let c be b(-10). Suppose 4*i + 110 = 2*d, 4*i + 212 = d + c*d. List the prime factors of d.
3, 17
Let q = 17 - 12. Suppose 96 = 2*s + 2*s + 4*j, -3*s = 4*j - 68. Let y = s - q. What are the prime factors of y?
23
Let w(q) = 10*q - 2. Let y be w(3). Let n be y/21*6/4. List the prime factors of (n/3)/(12/666).
37
Suppose u + 17 = 5*t, 5*u = -t - 0 + 19. Suppose -2*p + 2*m = -96, 2*p - 8*m + u*m = 84. List the prime factors of p.
2, 13
Suppose 4*n + 35 - 315 = 0. List the prime factors of n.
2, 5, 7
What are the prime factors of 68/10*(-2415)/(-42)?
17, 23
Suppose 4*i = -3*l + 8*l + 29, -i = -2*l - 8. Let a be 5/(-2) + 3/i. What are the prime factors of (-40 + (-4)/2)/a?
3, 7
Suppose -4*w + 44 = 5*k, -12 = 4*k - 3*w - 41. Let x be (-54)/k + (-15)/(-20). List the prime factors of (-40)/(-3) + 2/x.
13
Suppose 323*h = 313*h + 1680. What are the prime factors of h?
2, 3, 7
Let z(j) = 25 + 2*j + 13*j - 3*j + j**2. Let p be z(-10). Suppose -p*v + 10*v = 110. List the prime factors of v.
2, 11
List the prime factors of 5 + (-33)/6 + (-2489)/(-2).
2, 311
Let w(d) = 8*d**2 - 14*d - 18. What are the prime factors of w(-4)?
2, 83
Let p be 5/10*-6 - -5. Suppose 2*y - p*n = -0*y + 98, 5*y = n + 257. List the prime factors of y.
2, 13
Let b = -54 + 84. Let g = 58 - b. List the prime factors of g.
2, 7
Suppose 3*x - 12 = 6. Suppose 0 = c + x*c - 721. List the prime factors of c.
103
Suppose 10*s - 45 = s. Suppose -2*h = -0*k + s*k - 239, -352 = -3*h - k. What are the prime factors of h?
3, 13
Suppose r + 3 = 18. Let v = r - -1. List the prime factors of v.
2
Suppose -4 = -k, k - 5*k + 3391 = 3*q. List the prime factors of q.
3, 5
Let u(x) = 4*x**2 - 8*x + 129. List the prime factors of u(11).
3, 5, 7
Suppose -26*h + 432 + 36 = 0. List the prime factors of h.
2, 3
Let f(y) = -17*y - 6. Let u be f(-6). Let x = -45 + u. Suppose -b = -5*m + x + 57, 3*m - 5*b = 56. What are the prime factors of m?
2, 11
Let k(q) = -q**3 - q**2 - 6. Let a(o) = -o**3 - 8*o**2 - 9*o - 3. Let j be a(-6). Let v = j - -18. List the prime factors of k(v).
2, 3
Suppose -w = 23 - 14. Let g be ((-78)/w)/((-14)/(-63)). Let l = -5 + g. What are the prime factors of l?
2, 17
Suppose 5*u = -40 - 75. Let q = 7 + u. Let z = 20 + q. List the prime factors of z.
2
Let i(n) = 155*n - 126. List the prime factors of i(9).
3, 47
Let k(a) = -2*a - 7. Let v be k(-10). Let s = -8 + v. Suppose -35 = -s*f + n + 4*n, -2*f - 4*n = -8. What are the prime factors of f?
2, 3
Suppose -3*g - 1275 = -5*c, -20*c + 3*g - 741 = -23*c. List the prime factors of c.
2, 3, 7
Let f = -92 + 102. Let q(p) be the second derivative of 5*p**3/6 - 2*p**2 + 3*p. List the prime factors of q(f).
2, 23
Suppose -16*m = -7*m - 27. Su